le of 81?
True
Is 70 a factor of 2870?
True
Does 8 divide 206?
False
Does 28 divide 11218?
False
Is 25 a factor of 2476?
False
Is 59 a multiple of 59?
True
Is 5 a factor of 11848?
False
Is 324 a multiple of 27?
True
Does 147 divide 3087?
True
Is 1864 a multiple of 10?
False
Is 68 a multiple of 4?
True
Does 6 divide 1082?
False
Does 39 divide 4031?
False
Does 13 divide 139863?
False
Is 67 a factor of 2715?
False
Does 29 divide 22156?
True
Is 15 a factor of 1492?
False
Is 6068 a multiple of 53?
False
Is 15 a factor of 3150?
True
Is 98 a factor of 686?
True
Is 8872 a multiple of 8?
True
Does 86 divide 2440?
False
Is 6 a factor of 6857?
False
Is 1545 a multiple of 3?
True
Does 62 divide 18724?
True
Is 26 a factor of 63523?
False
Does 67 divide 335?
True
Does 15 divide 18945?
True
Is 8187 a multiple of 16?
False
Does 175 divide 4900?
True
Is 20 a factor of 9600?
True
Is 14 a factor of 866?
False
Does 38 divide 38?
True
Is 43 a factor of 9847?
True
Is 14 a factor of 869?
False
Is 19 a factor of 8660?
False
Is 39 a factor of 57720?
True
Is 6 a factor of 8370?
True
Is 18 a factor of 153?
False
Does 37 divide 714?
False
Does 11 divide 2464?
True
Is 84 a factor of 1778?
False
Does 103 divide 18128?
True
Is 8923 a multiple of 77?
False
Does 12 divide 48460?
False
Does 246 divide 40169?
False
Is 18645 a multiple of 22?
False
Is 8076 a multiple of 63?
False
Does 12 divide 1884?
True
Is 23 a factor of 238?
False
Is 107 a factor of 856?
True
Is 8 a factor of 11224?
True
Is 52273 a multiple of 19?
False
Does 95 divide 12076?
False
Is 19 a factor of 2546?
True
Does 8 divide 528?
True
Is 117 a factor of 43758?
True
Is 18547 a multiple of 17?
True
Is 3510 a multiple of 39?
True
Is 14 a factor of 224?
True
Does 26 divide 832?
True
Is 16 a factor of 29486?
False
Is 7 a factor of 3092?
False
Does 5 divide 23558?
False
Is 1855 a multiple of 22?
False
Does 15 divide 1073?
False
Does 54 divide 13268?
False
Is 7271 a multiple of 176?
False
Is 12 a factor of 3301?
False
Does 4 divide 163?
False
Does 251 divide 753?
True
Is 899 a multiple of 29?
True
Is 27 a factor of 378?
True
Is 1041 a multiple of 11?
False
Does 50 divide 350?
True
Does 2 divide 213?
False
Does 33 divide 1520?
False
Does 21 divide 1086?
False
Is 18 a factor of 7758?
True
Is 15289 a multiple of 18?
False
Is 35 a factor of 2086?
False
Is 62 a factor of 117852?
False
Does 15 divide 44272?
False
Is 2520 a multiple of 105?
True
Is 116 a multiple of 58?
True
Is 6 a factor of 6096?
True
Is 6 a factor of 37848?
True
Is 11 a multiple of 3?
False
Does 31 divide 36359?
False
Does 18 divide 246?
False
Is 34 a factor of 9867?
False
Is 20 a factor of 1328?
False
Does 65 divide 5781?
False
Is 8416 a multiple of 17?
False
Does 124 divide 4947?
False
Is 540 a multiple of 19?
False
Does 41 divide 2443?
False
Is 10 a factor of 1050?
True
Is 583 a multiple of 6?
False
Is 7579 a multiple of 11?
True
Is 8 a factor of 237?
False
Is 46 a factor of 2869?
False
Does 33 divide 1452?
True
Is 10 a multiple of 6?
False
Is 3 a factor of 30729?
True
Is 56 a multiple of 10?
False
Does 121 divide 11132?
True
Is 23 a factor of 989?
True
Is 3723 a multiple of 17?
True
Is 871 a multiple of 8?
False
Is 3 a factor of 816?
True
Is 84 a factor of 252?
True
Is 129 a factor of 16383?
True
Does 31 divide 2297?
False
Does 4 divide 2372?
True
Does 45 divide 8550?
True
Does 125 divide 8750?
True
Is 87 a multiple of 2?
False
Is 4 a factor of 5200?
True
Is 253 a multiple of 50?
False
Is 331 a multiple of 5?
False
Is 23 a factor of 5169?
False
Is 2543 a multiple of 19?
False
Is 37 a factor of 3330?
True
Does 60 divide 67770?
False
Does 30 divide 1915?
False
Does 14 divide 4550?
True
Does 108 divide 2706?
False
Is 871 a multiple of 67?
True
Is 35 a factor of 1021?
False
Does 94 divide 4306?
False
Is 1969 a multiple of 7?
False
Is 454 a multiple of 11?
False
Is 172 a factor of 19608?
True
Is 7310 a multiple of 2?
True
Is 3082 a multiple of 17?
False
Does 10 divide 680?
True
Is 10 a factor of 1156?
False
Is 57 a factor of 3306?
True
Is 8 a factor of 730?
False
Is 3058 a multiple of 60?
False
Is 35 a factor of 10675?
True
Does 117 divide 4680?
True
Is 6 a factor of 156?
True
Does 22 divide 22396?
True
Is 53952 a multiple of 64?
True
Does 26 divide 503?
False
Is 1008 a multiple of 14?
True
Does 10 divide 503?
False
Is 930 a multiple of 15?
True
Is 5751 a multiple of 81?
True
Does 55 divide 1050?
False
Is 15 a factor of 3677?
False
Does 41 divide 287?
True
Is 13872 a multiple of 24?
True
Is 6446 a multiple of 30?
False
Is 30428 a multiple of 9?
False
Is 27200 a multiple of 200?
True
Is 15147 a multiple of 93?
False
Is 96 a factor of 1493?
False
Is 12 a factor of 23448?
True
Does 40 divide 24383?
False
Is 39 a factor of 3276?
True
Does 8 divide 21244?
False
Does 46 divide 184?
True
Is 8 a factor of 864?
True
Does 48 divide 576?
True
Does 252 divide 38696?
False
Is 90 a factor of 5940?
True
Is 121 a factor of 37510?
True
Does 254 divide 80772?
True
Is 440 a multiple of 8?
True
Is 18 a factor of 218?
False
Is 2640 a multiple of 40?
True
Is 800 a multiple of 176?
False
Does 15 divide 1427?
False
Is 7639 a multiple of 12?
False
Is 33058 a multiple of 7?
False
Is 176 a factor of 2992?
True
Does 172 divide 24080?
True
Does 2 divide 5188?
True
Is 37928 a multiple of 8?
True
Is 1571 a multiple of 85?
False
Does 206 divide 75190?
True
Is 2134 a multiple of 46?
False
Does 36 divide 396?
True
Is 32136 a multiple of 104?
True
Is 200 a multiple of 25?
True
Is 80 a factor of 19917?
False
Is 12 a factor of 370?
False
Is 3 a multiple of 3?
True
Is 320 a multiple of 2?
True
Is 188 a multiple of 25?
False
Is 20 a multiple of 3?
False
Is 19 a factor of 7505?
True
Does 8 divide 952?
True
Is 5904 a multiple of 16?
True
Is 1530 a multiple of 9?
True
Does 19 divide 4009?
True
Does 34 divide 496?
False
Does 40 divide 31108?
False
Does 55 divide 385?
True
Is 125 a multiple of 20?
False
Is 52 a factor of 2496?
True
Does 260 divide 136182?
False
Is 5484 a multiple of 6?
True
Is 10 a factor of 311?
False
Does 55 divide 737?
False
Is 20 a factor of 196?
False
Does 41 divide 4920?
True
Is 98 a multiple of 5?
False
Does 14 divide 2488?
False
Does 26 divide 27690?
True
Is 805 a multiple of 35?
True
Is 85 a multiple of 10?
False
Does 20 divide 480?
True
Does 10 divide 2870?
True
Does 93 divide 4833?
False
Is 224 a factor of 40666?
False
Is 777 a multiple of 7?
True
Is 2289 a multiple of 3?
True
Is 1888 a multiple of 59?
True
Is 24 a factor of 1091?
False
Is 1768 a multiple of 26?
True
Does 52 divide 11388?
True
Is 350 a multiple of 6?
False
Is 36955 a multiple of 95?
True
Is 15 a factor of 332?
False
Does 13 divide 741?
True
Is 42 a factor of 1092?
True
Is 438 a multiple of 10?
False
Is 621 a multiple of 12?
False
Is 23 a factor of 92?
True
Is 40648 a multiple of 8?
True
Does 10 divide 130?
True
Is 49 a factor of 211?
False
Does 19 divide 27582?
False
Is 31 a factor of 16363?
False
Does 2 divide 12451?
False
Does 34 divide 20744?
False
Is 180 a factor of 13680?
True
Is 12794 a multiple of 11?
False
Does 42 divide 9116?
False
Is 24 a factor of 2126?
False
Is 13650 a multiple of 30?
True
Is 26 a factor of 3327?
False
Is 2604 a multiple of 21?
True
Does 4 divide 1067?
False
Does 5 divide 765?
True
Is 72 a factor of 9288?
True
Does 68 divide 12036?
True
Is 9 a factor of 2088?
True
Is 41 a factor of 533?
True
Does 22 divide 1209?
False
Is 588 a multiple of 84?
True
Is 1328 a multiple of 16?
True
Is 1224 a multiple of 34?
True
Is 20 a factor of 4705?
False
Is 28 a factor of 271?
False
Does 10 divide 42106?
False
Is 8778 a multiple of 33?
True
Is 32 a factor of 3446?
False
Is 133 a multiple of 2?
False
Is 10 a factor of 2020?
True
Is 35 a multiple of 3?
False
Does 66 divide 14916?
True
Does 39 divide 12501?
False
Does 8 divide 1040?
True
Is 5 a factor of 1475?
True
Is 8680 a multiple of 28?
True
Is 26 a factor of 928?
False
Is 2 a factor of 158?
True
Is 22 a factor of 313?
False
Is 62 a factor of 1798?
True
Is 2396 a multiple of 46?
False
Is 420 a multiple of 83?
False
Is 60 a multiple of 30?
True
Is 3728 a multiple of 4?
True
Is 17 a factor of 1153?
False
Is 61200 a multiple of 46?
False
Is 1890 a multiple of 54?
True
Does 14 divide 1437?
False
Does 20 divide 31057?
False
Is 800 a multiple o